s divided by 2?
0
Let d be ((-12)/(-10))/((-4)/(-10)). Suppose 0*l = -l + d. Let u(x) = 2*x**2 + 4*x - 4. Calculate the remainder when u(l) is divided by 14.
12
Suppose -35 = 5*m - 85. Calculate the remainder when m is divided by 4.
2
Suppose z - 64 = -3*q + q, 4*q = 3*z + 148. Calculate the remainder when q is divided by 54/4*4/6.
7
Let b(h) = h**3 + 6*h**2 + 4*h + 3. Calculate the remainder when b(-4) is divided by 7.
5
Let p be (-6)/2*(-2 - -1). Let c = p - 0. Let l(n) = 7*n - 17. What is the remainder when l(4) is divided by c?
2
Let t(l) = -2*l**2 + 8*l - 2. Let h be t(3). Suppose h*v - v - 6 = 0. What is the remainder when v is divided by 1?
0
Let j = 13 - -1. Let s(y) = -y**2 + 12*y + 21. Calculate the remainder when j is divided by s(13).
6
Suppose -l = -4*l - 15, -5*z = 5*l - 155. Calculate the remainder when z is divided by 13.
10
Suppose -d = 3*d - 52. Calculate the remainder when (-840)/(-36) + (-4)/(-6) is divided by d.
11
Let j be (-7 + 2)/(-1 - 0). Suppose z + 2*z + 4*m = 70, 2*z = -j*m + 56. Let f = 73 - 21. Calculate the remainder when f is divided by z.
16
Let b = 2 + 14. Let m = -52 + 150. Let o = m + -68. What is the remainder when o is divided by b?
14
Let f = 41 - 19. What is the remainder when 5*1*63/5 is divided by f?
19
Suppose 0 = 3*t - 3, -2 - 5 = -b + t. What is the remainder when 22 is divided by b?
6
Suppose -15 = -10*n + 5*n. Let x = -1113 - -1127. Calculate the remainder when x is divided by n.
2
Let s = 19 - 12. Let i(q) be the third derivative of -q**6/120 + q**5/10 + 11*q**4/24 - 4*q**3/3 + q**2. Calculate the remainder when i(s) is divided by 7.
6
Suppose -6*v + v + 125 = 0. Suppose -3*d = -d + 18. Calculate the remainder when v is divided by 595/45 + 2/d.
12
Let d be 24/9*3*5. Let j be 16/d - 22/5. Let m(z) = -z**3 - 4*z**2 - 4*z + 3. Calculate the remainder when 36 is divided by m(j).
17
Let g(n) = -n + 14. What is the remainder when 105 is divided by g(5)?
6
Suppose 4*a - 44 = -0*a. Let n = a - 20. Let s = -3 - n. Calculate the remainder when 10 is divided by s.
4
Let y(f) = f - 7. Let w be y(9). Suppose -a = w*a - 129. What is the remainder when a is divided by 22?
21
Suppose 18 = -p + 19. What is the remainder when 1 is divided by p?
0
Let y = 29 - 59. Let g = 42 + y. What is the remainder when 47 is divided by g?
11
Suppose u - 29 = 2*h, -5*h = 2*u - 0*h - 94. Calculate the remainder when u is divided by 13.
11
Let t be (-2)/2*1 - -6. Suppose -x = 3*x + 2*f - 20, -3*x + t*f = 11. What is the remainder when (4 - 1)*(-4)/(-3) is divided by x?
1
Suppose 5*m - l = 2*m + 15, -4*l = 0. What is the remainder when m is divided by 2?
1
Suppose h + 0*h = 15. Let o = 76 - 47. Calculate the remainder when o is divided by h.
14
Let c(a) = 2*a**2 - 3*a - a + 2*a**3 + a**2 + 3. Calculate the remainder when 68 is divided by c(2).
22
Let d(q) = q**3 - 7*q**2 - 2*q + 36. Calculate the remainder when 42 is divided by d(7).
20
Suppose -3*u + 4*u = 7. Suppose 0*o = -4*s + 3*o - 31, 4*o - 40 = 5*s. Calculate the remainder when ((-6)/s)/((-3)/(-40)) is divided by u.
6
Suppose 0*z + 3*z = 168. What is the remainder when z is divided by 11?
1
Let o be (2 - (-3 - -3))/1. Let m(i) = -1 + 0*i**2 - 2*i + 3*i**2 + o*i**2 + i**3 - 3*i**2. What is the remainder when 19 is divided by m(2)?
8
What is the remainder when 59 is divided by ((-36)/(-14))/((-27)/(-126))?
11
Let y = 8 - 15. Calculate the remainder when 40 is divided by y/((-1)/2 - 0).
12
Let l(o) = -o**2 + 4*o + 7. Calculate the remainder when -1*(0 - 2) + 1 is divided by l(5).
1
Let u = 54 - 38. What is the remainder when 47 is divided by u?
15
Let u = 204 + -174. Calculate the remainder when u is divided by 27.
3
Suppose 0 = -b - 6. Let q(r) = r + 9. Let i be q(b). Suppose 3*t - 37 = 3*w - 2*w, 3*w - 57 = -i*t. What is the remainder when 55 is divided by t?
13
Let o = -27 - -58. What is the remainder when o is divided by 11?
9
Let q(k) = k. Let z(w) = 17*w**3 - w**2 + 7*w - 1. Let m(r) = -5*q(r) + z(r). Let l = 38 - 6. Calculate the remainder when l is divided by m(1).
15
Let v be -1 + (-2 - -4) - -4. Suppose h + 2*q = 25, 0*h + 5*h = 2*q + 113. Calculate the remainder when h is divided by (-8)/v*(-4 + -1).
7
Suppose -1221 = -11*q - 0*q. What is the remainder when q is divided by 16?
15
Suppose g = x + 4*x - 3, -3 = -x. Calculate the remainder when 31 is divided by g.
7
Let y(v) = -2*v**3 - 4*v**2 - 5*v - 6. Calculate the remainder when y(-2) is divided by 3.
1
Suppose -l + 3*l - 5*p = 13, -2*l + 40 = 4*p. What is the remainder when l is divided by 4?
2
Suppose -5*j = 5*b - 50, 4*j = -2*b - j + 32. Calculate the remainder when 29 is divided by b.
5
Let d = 14 + 56. What is the remainder when d is divided by 24?
22
Let f(d) = -d**2 + 12*d - 14. Let t(m) = -18*m - 3. Let j be t(-2). Let n = j - 8. What is the remainder when n is divided by f(9)?
12
Suppose 18 = 3*z + 4*k, 5*k = 2*z - 0*k - 35. Calculate the remainder when 109 is divided by z.
9
Let s = 65 - 49. What is the remainder when s is divided by 6?
4
Let n(f) = 2*f - 13. Let s be n(9). Suppose 2*w - 2 = 3*w, 0 = s*h - 4*w - 483. What is the remainder when h is divided by 24?
23
Let j(a) = a**3 + 3*a**2 - 6*a - 6. Let b be j(-4). Suppose 53 = 5*v - b. Calculate the remainder when v is divided by 4.
3
Suppose 2*p = -4*a + 184, 5*a - 2*p + 3*p - 227 = 0. What is the remainder when a is divided by 24?
21
Suppose 4*h - 6*h = 12. Calculate the remainder when (-207)/h*2/3 is divided by 8.
7
Suppose -42 = -3*u - 0*u + 5*a, 2*u - 29 = 3*a. Let i be (-4)/8 + 82/4. Suppose 0 = -3*d + 5*d - i. What is the remainder when u is divided by d?
9
Let j(t) = -t**3 + t + 46. Let f be (-1)/4 - (-2)/8. Let i be j(f). Let c = i + 1. What is the remainder when c is divided by 16?
15
Suppose 2*x + 0*x - 178 = 0. Calculate the remainder when x is divided by 30.
29
Suppose 0 = 3*y + r - 10, -r + 0*r - 18 = -4*y. Suppose -14 = -y*d - 6. Calculate the remainder when d is divided by 2.
0
Suppose 0 = 3*a + 2*t - 430, 154 = 2*a + t - 133. Suppose -a - 16 = -5*s. Suppose -2*c + 0*c + s = 0. What is the remainder when c is divided by 9?
7
Suppose 3*l - 1 = 5. Suppose 2*z + 262 = -b + 6*b, l*z = 8. What is the remainder when b is divided by 14?
12
Let b(q) = 12*q**3 + 3*q**2 - 2. What is the remainder when b(2) is divided by 27?
25
Let h be -1 + -3 + 5 - 0. Let k = 10 - h. Calculate the remainder when k is divided by 4.
1
Suppose -4*k = -33 - 31. Let w(f) = f**3 + 6*f**2 + 6*f + 1. Calculate the remainder when k is divided by w(-4).
7
Suppose -4*v - 18 = -h, -2*h = h + 2*v + 2. Suppose 0 = -3*x + h*s + 137, 51 = -2*x + 3*x - 2*s. What is the remainder when x is divided by 11?
10
Let c(o) = -14*o**3 - 2*o**2 + 2. Suppose -2*j - 2*j - 4*y - 136 = 0, -5*y = j + 22. Let u = -11 - j. What is the remainder when u is divided by c(-1)?
12
Let s(i) = 8*i**2 - 3*i + 7. What is the remainder when s(-4) is divided by 37?
36
Suppose x + x + 26 = 0. Let g = x + 27. Calculate the remainder when 38 is divided by g.
10
Calculate the remainder when 37 is divided by -26*((-21)/6 + 3).
11
Let d = 18 + -14. Calculate the remainder when 13 is divided by d.
1
Calculate the remainder when 29 - (-1 - -2 - 3) is divided by 8.
7
Suppose 3*n - v - 13 = 0, 5*n - 23 = v - 4. Suppose -2*c - 19 = -l - 0*l, -3*l + 84 = n*c. Calculate the remainder when l is divided by 9.
7
Suppose 136*i - 142*i + 108 = 0. What is the remainder when 268 is divided by i?
16
Let b = -6 + 0. Suppose -a + 40 = 3*z, 5*z + a = 48 + 20. Calculate the remainder when 6/b + 53 + 1 is divided by z.
11
Let l be 207/45 + 3/(-5). Suppose -l*n + 5*n = 10. Calculate the remainder when -26*1/(-2)*3 is divided by n.
9
Let s = -78 - -111. What is the remainder when s is divided by 7?
5
Let k = -8 + 8. What is the remainder when (-3)/(3 + k)*-26 is divided by 14?
12
Suppose a + 0*a = 12. Let p(c) = -5*c**2 + 4*c + 1. Let j be p(4). Let u = j + 110. What is the remainder when u is divided by a?
11
Let g = -123 + 182. Suppose 3*j + 2*m - 40 = 0, -3*m = j + 12 - 30. Calculate the remainder when g is divided by j.
11
Let s = -26 - -16. What is the remainder when s + 54 + (-8)/2 is divided by 11?
7
Calculate the remainder when 2/10 + 248/10 is divided by ((-9)/(-5))/((-6)/(-30)).
7
Let r = 209 - 205. Let o = -6 - -12. Let